{"id":677,"date":"2021-02-18T11:29:44","date_gmt":"2021-02-18T11:29:44","guid":{"rendered":"https:\/\/peraltosalud.com\/?page_id=677"},"modified":"2021-02-18T14:14:50","modified_gmt":"2021-02-18T14:14:50","slug":"campanas-y-sorteos","status":"publish","type":"page","link":"https:\/\/www.peraltosalud.com\/?page_id=677","title":{"rendered":"Campa\u00f1as y sorteos"},"content":{"rendered":"\t\t<div data-elementor-type=\"wp-page\" data-elementor-id=\"677\" class=\"elementor elementor-677\" data-elementor-settings=\"[]\">\n\t\t\t\t\t\t<div class=\"elementor-inner\">\n\t\t\t\t\t\t\t<div class=\"elementor-section-wrap\">\n\t\t\t\t\t\t\t<section class=\"elementor-section elementor-top-section elementor-element elementor-element-f268f08 elementor-section-boxed elementor-section-height-default elementor-section-height-default\" data-id=\"f268f08\" data-element_type=\"section\">\n\t\t\t\t\t\t<div class=\"elementor-container elementor-column-gap-default\">\n\t\t\t\t\t\t\t<div class=\"elementor-row\">\n\t\t\t\t\t<div class=\"elementor-column elementor-col-100 elementor-top-column elementor-element elementor-element-93d13ee\" data-id=\"93d13ee\" data-element_type=\"column\">\n\t\t\t<div class=\"elementor-column-wrap elementor-element-populated\">\n\t\t\t\t\t\t\t<div class=\"elementor-widget-wrap\">\n\t\t\t\t\t\t<div class=\"elementor-element elementor-element-1a898b7 elementor-align-left elementor-widget elementor-widget-bdevs-services\" data-id=\"1a898b7\" data-element_type=\"widget\" data-widget_type=\"bdevs-services.default\">\n\t\t\t\t<div class=\"elementor-widget-container\">\n\t\t\t\t\t\t\t<!-- services-area -->\r\n        <section id=\"services\" class=\"services-area services-bg services-two pt-100\"  style=\"background-image:url(); background-size: contain; background-repeat: no-repeat;background-position: center center;\">\r\n            <div class=\"container\">\r\n                <div class=\"row justify-content-center\">\r\n                    <div class=\"col-xl-8 col-lg-8\">\r\n                        <div class=\"section-title text-center pl-40 pr-40 mb-80\" >\r\n                        \t                            <span> Activos actualmente<\/span>\r\n                        \t                                                        <h2>Nuestras campa\u00f1as y sorteos<\/h2>\r\n                                                                                <\/div>\r\n                    <\/div>\r\n                <\/div>\r\n                <div class=\"row sr-line\">\r\n                \t                <\/div>\r\n                \r\n            <\/div>\r\n        <\/section>\r\n        <!-- services-area-end -->\r\n\t\t\t\t\t<\/div>\n\t\t\t\t<\/div>\n\t\t\t\t\t\t<\/div>\n\t\t\t\t\t<\/div>\n\t\t<\/div>\n\t\t\t\t\t\t\t\t<\/div>\n\t\t\t\t\t<\/div>\n\t\t<\/section>\n\t\t\t\t<section class=\"elementor-section elementor-top-section elementor-element elementor-element-4cfc9b9 elementor-section-boxed elementor-section-height-default elementor-section-height-default\" data-id=\"4cfc9b9\" data-element_type=\"section\">\n\t\t\t\t\t\t<div class=\"elementor-container elementor-column-gap-default\">\n\t\t\t\t\t\t\t<div class=\"elementor-row\">\n\t\t\t\t\t<div class=\"elementor-column elementor-col-100 elementor-top-column elementor-element elementor-element-7978cf8\" data-id=\"7978cf8\" data-element_type=\"column\">\n\t\t\t<div class=\"elementor-column-wrap elementor-element-populated\">\n\t\t\t\t\t\t\t<div class=\"elementor-widget-wrap\">\n\t\t\t\t\t\t<div class=\"elementor-element elementor-element-e6ebbb2 elementor-widget elementor-widget-spacer\" data-id=\"e6ebbb2\" data-element_type=\"widget\" data-widget_type=\"spacer.default\">\n\t\t\t\t<div class=\"elementor-widget-container\">\n\t\t\t\t\t<div class=\"elementor-spacer\">\n\t\t\t<div class=\"elementor-spacer-inner\"><\/div>\n\t\t<\/div>\n\t\t\t\t<\/div>\n\t\t\t\t<\/div>\n\t\t\t\t<div class=\"elementor-element elementor-element-1724b36 elementor-align-left elementor-widget elementor-widget-bdevs-services\" data-id=\"1724b36\" data-element_type=\"widget\" data-widget_type=\"bdevs-services.default\">\n\t\t\t\t<div class=\"elementor-widget-container\">\n\t\t\t\t\t\t\t<!-- services-area -->\r\n        <section id=\"services\" class=\"services-area services-bg services-two pt-100\"  style=\"background-image:url(); background-size: contain; background-repeat: no-repeat;background-position: center center;\">\r\n            <div class=\"container\">\r\n                <div class=\"row justify-content-center\">\r\n                    <div class=\"col-xl-8 col-lg-8\">\r\n                        <div class=\"section-title text-center pl-40 pr-40 mb-80\" >\r\n                        \t                            <span> Pr\u00f3ximamente<\/span>\r\n                        \t                                                        <h2><\/h2>\r\n                                                                                    <p class=\"mt-10\"><\/p>\r\n                                                    <\/div>\r\n                    <\/div>\r\n                <\/div>\r\n                <div class=\"row sr-line\">\r\n                \t                <\/div>\r\n                \r\n            <\/div>\r\n        <\/section>\r\n        <!-- services-area-end -->\r\n\t\t\t\t\t<\/div>\n\t\t\t\t<\/div>\n\t\t\t\t\t\t<\/div>\n\t\t\t\t\t<\/div>\n\t\t<\/div>\n\t\t\t\t\t\t\t\t<\/div>\n\t\t\t\t\t<\/div>\n\t\t<\/section>\n\t\t\t\t<section class=\"elementor-section elementor-top-section elementor-element elementor-element-6982070 elementor-section-boxed elementor-section-height-default elementor-section-height-default\" data-id=\"6982070\" data-element_type=\"section\">\n\t\t\t\t\t\t<div class=\"elementor-container elementor-column-gap-default\">\n\t\t\t\t\t\t\t<div class=\"elementor-row\">\n\t\t\t\t\t<div class=\"elementor-column elementor-col-100 elementor-top-column elementor-element elementor-element-e30d5a2\" data-id=\"e30d5a2\" data-element_type=\"column\">\n\t\t\t<div class=\"elementor-column-wrap elementor-element-populated\">\n\t\t\t\t\t\t\t<div class=\"elementor-widget-wrap\">\n\t\t\t\t\t\t<div class=\"elementor-element elementor-element-09cc779 elementor-widget elementor-widget-spacer\" data-id=\"09cc779\" data-element_type=\"widget\" data-widget_type=\"spacer.default\">\n\t\t\t\t<div class=\"elementor-widget-container\">\n\t\t\t\t\t<div class=\"elementor-spacer\">\n\t\t\t<div class=\"elementor-spacer-inner\"><\/div>\n\t\t<\/div>\n\t\t\t\t<\/div>\n\t\t\t\t<\/div>\n\t\t\t\t\t\t<\/div>\n\t\t\t\t\t<\/div>\n\t\t<\/div>\n\t\t\t\t\t\t\t\t<\/div>\n\t\t\t\t\t<\/div>\n\t\t<\/section>\n\t\t\t\t<section class=\"elementor-section elementor-top-section elementor-element elementor-element-3d04770 elementor-section-boxed elementor-section-height-default elementor-section-height-default\" data-id=\"3d04770\" data-element_type=\"section\">\n\t\t\t\t\t\t<div class=\"elementor-container elementor-column-gap-default\">\n\t\t\t\t\t\t\t<div class=\"elementor-row\">\n\t\t\t\t\t<div class=\"elementor-column elementor-col-100 elementor-top-column elementor-element elementor-element-0603461\" data-id=\"0603461\" data-element_type=\"column\">\n\t\t\t<div class=\"elementor-column-wrap elementor-element-populated\">\n\t\t\t\t\t\t\t<div class=\"elementor-widget-wrap\">\n\t\t\t\t\t\t<div class=\"elementor-element elementor-element-4e23fac elementor-align-left elementor-widget elementor-widget-bdevs-services\" data-id=\"4e23fac\" data-element_type=\"widget\" data-widget_type=\"bdevs-services.default\">\n\t\t\t\t<div class=\"elementor-widget-container\">\n\t\t\t\t\t\t\t<!-- services-area -->\r\n        <section id=\"services\" class=\"services-area services-bg services-two pt-100\"  style=\"background-image:url(); background-size: contain; background-repeat: no-repeat;background-position: center center;\">\r\n            <div class=\"container\">\r\n                <div class=\"row justify-content-center\">\r\n                    <div class=\"col-xl-8 col-lg-8\">\r\n                        <div class=\"section-title text-center pl-40 pr-40 mb-80\" >\r\n                        \t                            <span> Nuestros sorteos y campa\u00f1as pasados<\/span>\r\n                        \t                                                        <h2><\/h2>\r\n                                                                                    <p class=\"mt-10\"><\/p>\r\n                                                    <\/div>\r\n                    <\/div>\r\n                <\/div>\r\n                <div class=\"row sr-line\">\r\n                \t                <\/div>\r\n                \r\n            <\/div>\r\n        <\/section>\r\n        <!-- services-area-end -->\r\n\t\t\t\t\t<\/div>\n\t\t\t\t<\/div>\n\t\t\t\t\t\t<\/div>\n\t\t\t\t\t<\/div>\n\t\t<\/div>\n\t\t\t\t\t\t\t\t<\/div>\n\t\t\t\t\t<\/div>\n\t\t<\/section>\n\t\t\t\t<section class=\"elementor-section elementor-top-section elementor-element elementor-element-f01f2fb elementor-section-boxed elementor-section-height-default elementor-section-height-default\" data-id=\"f01f2fb\" data-element_type=\"section\">\n\t\t\t\t\t\t<div class=\"elementor-container elementor-column-gap-default\">\n\t\t\t\t\t\t\t<div class=\"elementor-row\">\n\t\t\t\t\t<div class=\"elementor-column elementor-col-100 elementor-top-column elementor-element elementor-element-60d3b56\" data-id=\"60d3b56\" data-element_type=\"column\">\n\t\t\t<div class=\"elementor-column-wrap elementor-element-populated\">\n\t\t\t\t\t\t\t<div class=\"elementor-widget-wrap\">\n\t\t\t\t\t\t<div class=\"elementor-element elementor-element-5586990 elementor-grid-3 elementor-grid-tablet-2 elementor-grid-mobile-1 elementor-posts--thumbnail-top elementor-card-shadow-yes elementor-posts__hover-gradient elementor-widget elementor-widget-posts\" data-id=\"5586990\" data-element_type=\"widget\" data-settings=\"{&quot;cards_columns&quot;:&quot;3&quot;,&quot;cards_columns_tablet&quot;:&quot;2&quot;,&quot;cards_columns_mobile&quot;:&quot;1&quot;,&quot;cards_row_gap&quot;:{&quot;unit&quot;:&quot;px&quot;,&quot;size&quot;:35,&quot;sizes&quot;:[]}}\" data-widget_type=\"posts.cards\">\n\t\t\t\t<div class=\"elementor-widget-container\">\n\t\t\t\t\t<div class=\"elementor-posts-container elementor-posts elementor-posts--skin-cards elementor-grid\">\n\t\t\t\t<article class=\"elementor-post elementor-grid-item post-720 campania type-campania status-publish has-post-thumbnail hentry category-infantil\">\n\t\t\t<div class=\"elementor-post__card\">\n\t\t\t\t<a class=\"elementor-post__thumbnail__link\" href=\"https:\/\/www.peraltosalud.com\/?campania=unete-al-club-infantil\" >\n\t\t\t<div class=\"elementor-post__thumbnail\"><img width=\"300\" height=\"200\" src=\"https:\/\/www.peraltosalud.com\/wp-content\/uploads\/2021\/02\/little-boy-MP79CNT-300x200.jpg\" class=\"attachment-medium size-medium\" alt=\"\" loading=\"lazy\" srcset=\"https:\/\/www.peraltosalud.com\/wp-content\/uploads\/2021\/02\/little-boy-MP79CNT-300x200.jpg 300w, https:\/\/www.peraltosalud.com\/wp-content\/uploads\/2021\/02\/little-boy-MP79CNT-1024x683.jpg 1024w, https:\/\/www.peraltosalud.com\/wp-content\/uploads\/2021\/02\/little-boy-MP79CNT-768x512.jpg 768w, https:\/\/www.peraltosalud.com\/wp-content\/uploads\/2021\/02\/little-boy-MP79CNT-1536x1024.jpg 1536w, https:\/\/www.peraltosalud.com\/wp-content\/uploads\/2021\/02\/little-boy-MP79CNT-2048x1365.jpg 2048w\" sizes=\"(max-width: 300px) 100vw, 300px\" \/><\/div>\n\t\t<\/a>\n\t\t\t\t<div class=\"elementor-post__badge\">Infantil<\/div>\n\t\t\t\t<div class=\"elementor-post__text\">\n\t\t\t\t<h3 class=\"elementor-post__title\">\n\t\t\t<a href=\"https:\/\/www.peraltosalud.com\/?campania=unete-al-club-infantil\" >\n\t\t\t\t\u00danete al club infantil\t\t\t<\/a>\n\t\t<\/h3>\n\t\t\t\t<div class=\"elementor-post__excerpt\">\n\t\t\t<p>\u00bfAcabas de ser padre o madre? \u00danete al club infantil y recibe la cesta de regalo para tu beb\u00e9.<\/p>\n\t\t<\/div>\n\t\t\t\t\t<a class=\"elementor-post__read-more\" href=\"https:\/\/www.peraltosalud.com\/?campania=unete-al-club-infantil\" >\n\t\t\t\tLeer m\u00e1s \u00bb\t\t\t<\/a>\n\t\t\t\t<\/div>\n\t\t\t\t<div class=\"elementor-post__meta-data\">\n\t\t\t\t\t<span class=\"elementor-post-date\">\n\t\t\tfebrero 18, 2021\t\t<\/span>\n\t\t\t\t<\/div>\n\t\t\t\t\t<\/div>\n\t\t<\/article>\n\t\t\t\t<\/div>\n\t\t\t\t<\/div>\n\t\t\t\t<\/div>\n\t\t\t\t\t\t<\/div>\n\t\t\t\t\t<\/div>\n\t\t<\/div>\n\t\t\t\t\t\t\t\t<\/div>\n\t\t\t\t\t<\/div>\n\t\t<\/section>\n\t\t\t\t\t\t<\/div>\n\t\t\t\t\t\t<\/div>\n\t\t\t\t\t<\/div>\n\t\t","protected":false},"excerpt":{"rendered":"<p>Activos actualmente Nuestras campa\u00f1as y sorteos Pr\u00f3ximamente Nuestros sorteos y campa\u00f1as pasados<\/p>\n","protected":false},"author":2,"featured_media":0,"parent":0,"menu_order":0,"comment_status":"closed","ping_status":"closed","template":"","meta":[],"yoast_head":"<!-- This site is optimized with the Yoast SEO plugin v15.8 - https:\/\/yoast.com\/wordpress\/plugins\/seo\/ -->\n<title>Campa\u00f1as y sorteos - Farmacia Peralto<\/title>\n<meta name=\"robots\" content=\"index, follow, max-snippet:-1, max-image-preview:large, max-video-preview:-1\" \/>\n<link rel=\"canonical\" href=\"https:\/\/www.peraltosalud.com\/?page_id=677\" \/>\n<meta property=\"og:locale\" content=\"es_ES\" \/>\n<meta property=\"og:type\" content=\"article\" \/>\n<meta property=\"og:title\" content=\"Campa\u00f1as y sorteos - Farmacia Peralto\" \/>\n<meta property=\"og:description\" content=\"Activos actualmente Nuestras campa\u00f1as y sorteos Pr\u00f3ximamente Nuestros sorteos y campa\u00f1as pasados\" \/>\n<meta property=\"og:url\" content=\"https:\/\/www.peraltosalud.com\/?page_id=677\" \/>\n<meta property=\"og:site_name\" content=\"Farmacia Peralto\" \/>\n<meta property=\"article:modified_time\" content=\"2021-02-18T14:14:50+00:00\" \/>\n<meta name=\"twitter:card\" content=\"summary_large_image\" \/>\n<meta name=\"twitter:label1\" content=\"Est. reading time\">\n\t<meta name=\"twitter:data1\" content=\"1 minuto\">\n<script type=\"application\/ld+json\" class=\"yoast-schema-graph\">{\"@context\":\"https:\/\/schema.org\",\"@graph\":[{\"@type\":\"WebSite\",\"@id\":\"https:\/\/www.peraltosalud.com\/#website\",\"url\":\"https:\/\/www.peraltosalud.com\/\",\"name\":\"Farmacia Peralto\",\"description\":\"Tu farmacia m\\u00e1s cercana en Linares\",\"potentialAction\":[{\"@type\":\"SearchAction\",\"target\":\"https:\/\/www.peraltosalud.com\/?s={search_term_string}\",\"query-input\":\"required name=search_term_string\"}],\"inLanguage\":\"es\"},{\"@type\":\"WebPage\",\"@id\":\"https:\/\/www.peraltosalud.com\/?page_id=677#webpage\",\"url\":\"https:\/\/www.peraltosalud.com\/?page_id=677\",\"name\":\"Campa\\u00f1as y sorteos - Farmacia Peralto\",\"isPartOf\":{\"@id\":\"https:\/\/www.peraltosalud.com\/#website\"},\"datePublished\":\"2021-02-18T11:29:44+00:00\",\"dateModified\":\"2021-02-18T14:14:50+00:00\",\"breadcrumb\":{\"@id\":\"https:\/\/www.peraltosalud.com\/?page_id=677#breadcrumb\"},\"inLanguage\":\"es\",\"potentialAction\":[{\"@type\":\"ReadAction\",\"target\":[\"https:\/\/www.peraltosalud.com\/?page_id=677\"]}]},{\"@type\":\"BreadcrumbList\",\"@id\":\"https:\/\/www.peraltosalud.com\/?page_id=677#breadcrumb\",\"itemListElement\":[{\"@type\":\"ListItem\",\"position\":1,\"item\":{\"@type\":\"WebPage\",\"@id\":\"https:\/\/www.peraltosalud.com\/\",\"url\":\"https:\/\/www.peraltosalud.com\/\",\"name\":\"Inicio\"}},{\"@type\":\"ListItem\",\"position\":2,\"item\":{\"@type\":\"WebPage\",\"@id\":\"https:\/\/www.peraltosalud.com\/?page_id=677\",\"url\":\"https:\/\/www.peraltosalud.com\/?page_id=677\",\"name\":\"Campa\\u00f1as y sorteos\"}}]}]}<\/script>\n<!-- \/ Yoast SEO plugin. -->","_links":{"self":[{"href":"https:\/\/www.peraltosalud.com\/index.php?rest_route=\/wp\/v2\/pages\/677"}],"collection":[{"href":"https:\/\/www.peraltosalud.com\/index.php?rest_route=\/wp\/v2\/pages"}],"about":[{"href":"https:\/\/www.peraltosalud.com\/index.php?rest_route=\/wp\/v2\/types\/page"}],"author":[{"embeddable":true,"href":"https:\/\/www.peraltosalud.com\/index.php?rest_route=\/wp\/v2\/users\/2"}],"replies":[{"embeddable":true,"href":"https:\/\/www.peraltosalud.com\/index.php?rest_route=%2Fwp%2Fv2%2Fcomments&post=677"}],"version-history":[{"count":28,"href":"https:\/\/www.peraltosalud.com\/index.php?rest_route=\/wp\/v2\/pages\/677\/revisions"}],"predecessor-version":[{"id":727,"href":"https:\/\/www.peraltosalud.com\/index.php?rest_route=\/wp\/v2\/pages\/677\/revisions\/727"}],"wp:attachment":[{"href":"https:\/\/www.peraltosalud.com\/index.php?rest_route=%2Fwp%2Fv2%2Fmedia&parent=677"}],"curies":[{"name":"wp","href":"https:\/\/api.w.org\/{rel}","templated":true}]}}